{"id":4109,"date":"2023-05-10T19:23:05","date_gmt":"2023-05-10T19:23:05","guid":{"rendered":"https:\/\/cwhite.um.edu.mx\/?page_id=4109"},"modified":"2023-09-27T17:49:20","modified_gmt":"2023-09-27T17:49:20","slug":"viii-conferencia-biblica-identidad-adventista","status":"publish","type":"page","link":"https:\/\/cwhite.um.edu.mx\/?page_id=4109","title":{"rendered":"VIII Conferencia B\u00edblica Identidad Adventista"},"content":{"rendered":"\n<h2 class=\"has-white-color has-vivid-cyan-blue-background-color has-text-color has-background\">VIII Conferencia B\u00edblica Identidad Adventista<\/h2>\n\n\n\n<figure class=\"wp-block-embed is-type-video is-provider-youtube wp-block-embed-youtube wp-embed-aspect-16-9 wp-has-aspect-ratio\"><div class=\"wp-block-embed__wrapper\">\n<div class='embed-container'><iframe loading=\"lazy\" title=\"VIII Conferencias B\u00edblicas - Adoraci\u00f3n y Escuela Sab\u00e1tica 1 Julio 2023\" width=\"1920\" height=\"1080\" src=\"https:\/\/www.youtube.com\/embed\/FRmFtByTqeI?feature=oembed\" frameborder=\"0\" allow=\"accelerometer; autoplay; clipboard-write; encrypted-media; gyroscope; picture-in-picture; web-share\" allowfullscreen><\/iframe><\/div>\n<\/div><\/figure>\n\n\n\n<figure class=\"wp-block-embed is-type-video is-provider-youtube wp-block-embed-youtube wp-embed-aspect-16-9 wp-has-aspect-ratio\"><div class=\"wp-block-embed__wrapper\">\n<div class='embed-container'><iframe loading=\"lazy\" title=\"VIII Conferencias B\u00edblicas, Feliz S\u00e1bado 30 Junio 2023\" width=\"1920\" height=\"1080\" src=\"https:\/\/www.youtube.com\/embed\/_xKQwinRpzI?feature=oembed\" frameborder=\"0\" allow=\"accelerometer; autoplay; clipboard-write; encrypted-media; gyroscope; picture-in-picture; web-share\" allowfullscreen><\/iframe><\/div>\n<\/div><\/figure>\n\n\n\n<figure class=\"wp-block-embed is-type-video is-provider-youtube wp-block-embed-youtube wp-embed-aspect-16-9 wp-has-aspect-ratio\"><div class=\"wp-block-embed__wrapper\">\n<div class='embed-container'><iframe loading=\"lazy\" title=\"VIII Conferencias B\u00edblicas\" width=\"1920\" height=\"1080\" src=\"https:\/\/www.youtube.com\/embed\/SeqNqNAY3JA?feature=oembed\" frameborder=\"0\" allow=\"accelerometer; autoplay; clipboard-write; encrypted-media; gyroscope; picture-in-picture; web-share\" allowfullscreen><\/iframe><\/div>\n<\/div><\/figure>\n\n\n\n<figure class=\"wp-block-embed is-type-video is-provider-youtube wp-block-embed-youtube wp-embed-aspect-16-9 wp-has-aspect-ratio\"><div class=\"wp-block-embed__wrapper\">\n<div class='embed-container'><iframe loading=\"lazy\" title=\"VIII Conferencias B\u00edblicas 1 julio 2023\" width=\"1920\" height=\"1080\" src=\"https:\/\/www.youtube.com\/embed\/VJiKdZmKhZE?start=252&#038;feature=oembed\" frameborder=\"0\" allow=\"accelerometer; autoplay; clipboard-write; encrypted-media; gyroscope; picture-in-picture; web-share\" allowfullscreen><\/iframe><\/div>\n<\/div><\/figure>\n\n\n<div class=\"wp-block-image\">\n<figure class=\"alignleft size-large\"><img decoding=\"async\" loading=\"lazy\" width=\"576\" height=\"1024\" src=\"https:\/\/cwhite.um.edu.mx\/wp-content\/uploads\/2023\/05\/WhatsApp-Image-2023-05-05-at-18.40.08-2-576x1024.jpeg\" alt=\"\" class=\"wp-image-4114\" srcset=\"https:\/\/cwhite.um.edu.mx\/wp-content\/uploads\/2023\/05\/WhatsApp-Image-2023-05-05-at-18.40.08-2-576x1024.jpeg 576w, https:\/\/cwhite.um.edu.mx\/wp-content\/uploads\/2023\/05\/WhatsApp-Image-2023-05-05-at-18.40.08-2-169x300.jpeg 169w, https:\/\/cwhite.um.edu.mx\/wp-content\/uploads\/2023\/05\/WhatsApp-Image-2023-05-05-at-18.40.08-2-768x1366.jpeg 768w, https:\/\/cwhite.um.edu.mx\/wp-content\/uploads\/2023\/05\/WhatsApp-Image-2023-05-05-at-18.40.08-2-864x1536.jpeg 864w, https:\/\/cwhite.um.edu.mx\/wp-content\/uploads\/2023\/05\/WhatsApp-Image-2023-05-05-at-18.40.08-2-607x1080.jpeg 607w, https:\/\/cwhite.um.edu.mx\/wp-content\/uploads\/2023\/05\/WhatsApp-Image-2023-05-05-at-18.40.08-2.jpeg 899w\" sizes=\"(max-width: 576px) 100vw, 576px\" \/><\/figure><\/div> ","protected":false},"excerpt":{"rendered":"<p>VIII Conferencia B\u00edblica Identidad Adventista<\/p>\n","protected":false},"author":1,"featured_media":0,"parent":0,"menu_order":0,"comment_status":"closed","ping_status":"closed","template":"","meta":[],"_links":{"self":[{"href":"https:\/\/cwhite.um.edu.mx\/index.php?rest_route=\/wp\/v2\/pages\/4109"}],"collection":[{"href":"https:\/\/cwhite.um.edu.mx\/index.php?rest_route=\/wp\/v2\/pages"}],"about":[{"href":"https:\/\/cwhite.um.edu.mx\/index.php?rest_route=\/wp\/v2\/types\/page"}],"author":[{"embeddable":true,"href":"https:\/\/cwhite.um.edu.mx\/index.php?rest_route=\/wp\/v2\/users\/1"}],"replies":[{"embeddable":true,"href":"https:\/\/cwhite.um.edu.mx\/index.php?rest_route=%2Fwp%2Fv2%2Fcomments&post=4109"}],"version-history":[{"count":4,"href":"https:\/\/cwhite.um.edu.mx\/index.php?rest_route=\/wp\/v2\/pages\/4109\/revisions"}],"predecessor-version":[{"id":4326,"href":"https:\/\/cwhite.um.edu.mx\/index.php?rest_route=\/wp\/v2\/pages\/4109\/revisions\/4326"}],"wp:attachment":[{"href":"https:\/\/cwhite.um.edu.mx\/index.php?rest_route=%2Fwp%2Fv2%2Fmedia&parent=4109"}],"curies":[{"name":"wp","href":"https:\/\/api.w.org\/{rel}","templated":true}]}}

VIII Conferencia Bíblica Identidad Adventista

<h2 class="has-white-color has-vivid-cyan-blue-background-color has-text-color has-background">VIII Conferencia Bíblica Identidad Adventista</h2>



<figure class="wp-block-embed is-type-video is-provider-youtube wp-block-embed-youtube wp-embed-aspect-16-9 wp-has-aspect-ratio"><div class="wp-block-embed__wrapper">
<div class='embed-container'><iframe loading="lazy" title="VIII Conferencias Bíblicas - Adoración y Escuela Sabática 1 Julio 2023" width="1920" height="1080" src="https://www.youtube.com/embed/FRmFtByTqeI?feature=oembed" frameborder="0" allow="accelerometer; autoplay; clipboard-write; encrypted-media; gyroscope; picture-in-picture; web-share" allowfullscreen></iframe></div>
</div></figure>



<figure class="wp-block-embed is-type-video is-provider-youtube wp-block-embed-youtube wp-embed-aspect-16-9 wp-has-aspect-ratio"><div class="wp-block-embed__wrapper">
<div class='embed-container'><iframe loading="lazy" title="VIII Conferencias Bíblicas, Feliz Sábado 30 Junio 2023" width="1920" height="1080" src="https://www.youtube.com/embed/_xKQwinRpzI?feature=oembed" frameborder="0" allow="accelerometer; autoplay; clipboard-write; encrypted-media; gyroscope; picture-in-picture; web-share" allowfullscreen></iframe></div>
</div></figure>



<figure class="wp-block-embed is-type-video is-provider-youtube wp-block-embed-youtube wp-embed-aspect-16-9 wp-has-aspect-ratio"><div class="wp-block-embed__wrapper">
<div class='embed-container'><iframe loading="lazy" title="VIII Conferencias Bíblicas" width="1920" height="1080" src="https://www.youtube.com/embed/SeqNqNAY3JA?feature=oembed" frameborder="0" allow="accelerometer; autoplay; clipboard-write; encrypted-media; gyroscope; picture-in-picture; web-share" allowfullscreen></iframe></div>
</div></figure>



<figure class="wp-block-embed is-type-video is-provider-youtube wp-block-embed-youtube wp-embed-aspect-16-9 wp-has-aspect-ratio"><div class="wp-block-embed__wrapper">
<div class='embed-container'><iframe loading="lazy" title="VIII Conferencias Bíblicas 1 julio 2023" width="1920" height="1080" src="https://www.youtube.com/embed/VJiKdZmKhZE?start=252&#038;feature=oembed" frameborder="0" allow="accelerometer; autoplay; clipboard-write; encrypted-media; gyroscope; picture-in-picture; web-share" allowfullscreen></iframe></div>
</div></figure>


<div class="wp-block-image">
<figure class="alignleft size-large"><img decoding="async" loading="lazy" width="576" height="1024" src="https://cwhite.um.edu.mx/wp-content/uploads/2023/05/WhatsApp-Image-2023-05-05-at-18.40.08-2-576x1024.jpeg" alt="" class="wp-image-4114" srcset="https://cwhite.um.edu.mx/wp-content/uploads/2023/05/WhatsApp-Image-2023-05-05-at-18.40.08-2-576x1024.jpeg 576w, https://cwhite.um.edu.mx/wp-content/uploads/2023/05/WhatsApp-Image-2023-05-05-at-18.40.08-2-169x300.jpeg 169w, https://cwhite.um.edu.mx/wp-content/uploads/2023/05/WhatsApp-Image-2023-05-05-at-18.40.08-2-768x1366.jpeg 768w, https://cwhite.um.edu.mx/wp-content/uploads/2023/05/WhatsApp-Image-2023-05-05-at-18.40.08-2-864x1536.jpeg 864w, https://cwhite.um.edu.mx/wp-content/uploads/2023/05/WhatsApp-Image-2023-05-05-at-18.40.08-2-607x1080.jpeg 607w, https://cwhite.um.edu.mx/wp-content/uploads/2023/05/WhatsApp-Image-2023-05-05-at-18.40.08-2.jpeg 899w" sizes="(max-width: 576px) 100vw, 576px" /></figure></div>

<p>VIII Conferencia Bíblica Identidad Adventista</p>
